ate the remainder when 1646655 is divided by 548877.
24
Calculate the remainder when 863547 is divided by 8224.
27
Calculate the remainder when 400077 is divided by 2440.
2357
What is the remainder when 53069770 is divided by 84?
82
What is the remainder when 2418390 is divided by 81?
54
Calculate the remainder when 35822 is divided by 3475.
1072
What is the remainder when 319112 is divided by 14329?
3874
What is the remainder when 150246 is divided by 7087?
1419
What is the remainder when 2215896141 is divided by 119?
116
What is the remainder when 157473 is divided by 14272?
481
Calculate the remainder when 15242 is divided by 13725.
1517
What is the remainder when 2055225 is divided by 93417?
51
What is the remainder when 166876 is divided by 1813?
80
What is the remainder when 990441 is divided by 1628?
617
What is the remainder when 478880 is divided by 8260?
8060
Calculate the remainder when 1134521 is divided by 4782.
1187
What is the remainder when 32228 is divided by 29541?
2687
Calculate the remainder when 192667 is divided by 64211.
34
What is the remainder when 32939234 is divided by 139573?
6
What is the remainder when 277558 is divided by 493?
492
Calculate the remainder when 42383 is divided by 203.
159
What is the remainder when 86152 is divided by 2698?
2514
What is the remainder when 47383 is divided by 23553?
277
Calculate the remainder when 355485732 is divided by 6542.
6536
Calculate the remainder when 2321934 is divided by 773900.
234
Calculate the remainder when 29771 is divided by 1307.
1017
Calculate the remainder when 10261810 is divided by 3266.
38
Calculate the remainder when 3366973 is divided by 706.
59
Calculate the remainder when 6328723 is divided by 1723.
144
What is the remainder when 38249149 is divided by 1445?
1444
What is the remainder when 39183613 is divided by 9795901?
9
What is the remainder when 1250634 is divided by 11579?
102
Calculate the remainder when 74961543 is divided by 621.
12
Calculate the remainder when 10669 is divided by 172.
5
What is the remainder when 403175 is divided by 534?
5
What is the remainder when 4334314 is divided by 69908?
18
What is the remainder when 643451 is divided by 17?
1
What is the remainder when 21124782 is divided by 27293?
0
Calculate the remainder when 58479971 is divided by 19493320.
11
Calculate the remainder when 199002 is divided by 4419.
147
What is the remainder when 3680079 is divided by 613344?
15
Calculate the remainder when 377119 is divided by 125233.
1420
What is the remainder when 90953 is divided by 45068?
817
Calculate the remainder when 183135 is divided by 89851.
3433
What is the remainder when 2290167 is divided by 286233?
303
Calculate the remainder when 15169974 is divided by 1516996.
14
What is the remainder when 35572 is divided by 2111?
1796
What is the remainder when 65846 is divided by 21780?
506
What is the remainder when 132634 is divided by 12051?
73
Calculate the remainder when 393203711 is divided by 4224.
4223
Calculate the remainder when 18047669 is divided by 81.
59
Calculate the remainder when 12967 is divided by 309.
298
What is the remainder when 928009 is divided by 23?
5
Calculate the remainder when 16562721 is divided by 1380225.
21
Calculate the remainder when 1046443 is divided by 261608.
11
Calculate the remainder when 604485 is divided by 88.
13
What is the remainder when 70080 is divided by 3503?
20
Calculate the remainder when 104128 is divided by 12996.
160
Calculate the remainder when 261317683 is divided by 17.
7
Calculate the remainder when 34527562 is divided by 8.
2
Calculate the remainder when 49336934 is divided by 81.
77
What is the remainder when 3374101 is divided by 3374051?
50
Calculate the remainder when 7268350 is divided by 152.
14
What is the remainder when 3316485 is divided by 178?
167
Calculate the remainder when 2636808 is divided by 8318.
2
What is the remainder when 2875486 is divided by 2250?
2236
Calculate the remainder when 101292 is divided by 1706.
638
What is the remainder when 3656266 is divided by 28?
26
Calculate the remainder when 115853 is divided by 691.
456
Calculate the remainder when 152643701 is divided by 1636.
1629
Calculate the remainder when 220317 is divided by 502.
441
Calculate the remainder when 80206104 is divided by 2229.
2226
Calculate the remainder when 2539007 is divided by 1269498.
11
Calculate the remainder when 23607598 is divided by 103.
101
What is the remainder when 36972271 is divided by 22893?
76
What is the remainder when 43678 is divided by 2705?
398
Calculate the remainder when 76741 is divided by 237.
190
Calculate the remainder when 35332736 is divided by 1218370.
6
Calculate the remainder when 43674140 is divided by 6678.
20
What is the remainder when 1084146 is divided by 13200?
1746
Calculate the remainder when 3093081 is divided by 2449.
2443
Calculate the remainder when 3032279 is divided by 6507.
17
Calculate the remainder when 12971791 is divided by 154424.
175
What is the remainder when 1696822 is divided by 7966?
64
What is the remainder when 2652934 is divided by 3700?
34
What is the remainder when 11637733 is divided by 23?
9
Calculate the remainder when 1114570 is divided by 320.
10
Calculate the remainder when 11823690 is divided by 4435.
4415
Calculate the remainder when 11655522 is divided by 41.
1
What is the remainder when 38698463 is divided by 79?
76
What is the remainder when 811645 is divided by 208?
29
What is the remainder when 2305188 is divided by 2550?
2538
What is the remainder when 5994393 is divided by 2565?
2553
What is the remainder when 47030850 is divided by 1977?
1974
What is the remainder when 10837721 is divided by 397?
18
Calculate the remainder when 616587 is divided by 308258.
71
Calculate the remainder when 390991 is divided by 1299.
1291
Calculate the remainder when 253066930 is divided by 831.
7
What is the remainder when 1889129 is divided by 944560?
9
Calculate the remainder when 299395999 is divided by 26658.
1
Calculate the remainder when 18808 is divided by 1568.
1560
What is the remainder when 3062676 is divided by 70?
36
What is the remainder when 5730961 is divided by 136451?
19
Calculate the remainder when 49641203 is divided by 485.
483
Calculate the remainder when 2306916 is divided by 384475.
66
What is the remainder when 2411869 is divided by 2411778?
91
What is the remainder when 1445275 is divided by 51616?
27
Calculate the remainder when 315194210 is divided by 356.
354
What is the remainder when 183820 is divided by 5792?
4268
What is the remainder when 410986453 is divided by 9?
4
What is the remainder when 34261 is divided by 103?
65
Calculate the remainder when 172649 is divided by 1356.
437
Calculate the remainder when 55151 is divided by 17517.
2600
Calculate the remainder when 32354 is divided by 1289.
129
Calculate the remainder when 2971722 is divided by 844.
842
What is the remainder when 38172019 is divided by 64047?
7
Calculate the remainder when 3229184 is divided by 1121.
704
What is the remainder when 491013 is divided by 402?
171
Calculate the remainder when 1034128 is divided by 463.
249
What is the remainder when 79926 is divided by 26317?
975
What is the remainder when 2649429 is divided by 618?
63
What is the remainder when 39174253 is divided by 979356?
13
What is the remainder when 94516 is divided by 7263?
97
What is the remainder when 73030 is divided by 2030?
1980
Calculate the remainder when 194359246 is divided by 10.
6
What is the remainder when 5823756 is divided by 5458?
70
Calculate the remainder when 1056608 is divided by 27.
17
Calculate the remainder when 993629 is divided by 224.
189
What is the remainder when 33949 is divided by 2623?
2473
Calculate the remainder when 83585 is divided by 6931.
413
Calculate the remainder when 105509 is divided by 105177.
332
Calculate the remainder when 9235 is divided by 1409.
781
Calculate the remainder when 129664629 is divided by 979.
974
What is the remainder when 77732588 is divided by 130?
128
Calculate the remainder when 7182680 is divided by 59.
20
Calculate the remainder when 2499 is divided by 1807.
692
What is the remainder when 1166166 is divided by 13572?
12546
What is the remainder when 263529275 is divided